s digit of q?
6
Let u = 14 + -8. What is the units digit of ((-4)/u)/(2/(-27))?
9
Let g = 1 - -1. Suppose -l + g*l = 13. What is the units digit of l?
3
Suppose 0 = 2*l + h - 5 - 3, -3*h = -2*l - 8. Suppose 4 + l = -2*y, 5*v = -y + 42. What is the units digit of v?
9
Let c be 3*(0 - (1 - 2)). Suppose -x = -0*x - c. What is the units digit of x?
3
Let o(i) = 3*i**2 - 7*i. What is the tens digit of o(6)?
6
Let n be (-1)/4 - (-22)/(-8). Let t be -3 + (0 - n) + 3. Suppose -5*k + 58 = 4*q + 3, 0 = -q - t*k + 19. What is the tens digit of q?
1
Let h = -38 + 75. What is the units digit of h?
7
Let i(u) = u + 3. Let n be i(-3). Suppose 3*k + 2*k - 80 = n. What is the tens digit of k?
1
Suppose 4*p - 8 - 3 = w, w + 1 = -p. Suppose -4*x = 4*r - r - 28, -r = -4. What is the units digit of (-27)/6*(p - x)?
9
Let p(b) = -10*b**2 + 18*b**2 + 8*b + 3*b**3 - 4*b**3 + 12. Let d be p(9). Suppose 5*c = n + 58, n + 6 = d. What is the units digit of c?
1
Suppose 3*w - 4*w = -1. What is the units digit of w?
1
What is the units digit of ((-489)/(-12) - 2/(-8)) + 1?
2
Let a = -31 - -96. What is the tens digit of a?
6
Let r = -3 + 36. Suppose 2*o - 3 = -n, -3*o + r = -o - 5*n. Suppose 36 = o*b - 8. What is the units digit of b?
1
Suppose 0 = 2*v - 6*v + 8. Suppose 0*c - v*c + 16 = 0. What is the units digit of c?
8
Let y = 20 - 18. Suppose 3*v - 4*t - 57 = -0*v, -t = y*v - 38. What is the units digit of v?
9
Let y(n) = 6*n**3 - 1. Let o = 9 + -8. Let i be y(o). Suppose 11 = -4*q + 2*q + i*a, -2*q - 3*a + 13 = 0. What is the units digit of q?
2
Let i(r) = -r - 4. Let d be i(-3). Let p be d + 0 + 3 + 4. Suppose 2*v = 5*c + 5 + p, -2*v + c = -7. What is the units digit of v?
3
What is the units digit of 64/(-4)*3/(-2)?
4
Suppose 319 = 5*q + 4*g - 21, 5*q + 2*g = 340. What is the tens digit of q?
6
Suppose -2*n + 10*v + 486 = 14*v, 3*v = n - 263. What is the hundreds digit of n?
2
Let p(w) be the third derivative of -w**4/8 + w**3/6 - 13*w**2. Let m = 2 - 4. What is the units digit of p(m)?
7
Let u(o) = 34*o + 2. Let z be u(2). What is the units digit of (-65)/(-7) + (-20)/z?
9
Suppose -2*t - 4 = 2*m, -2*t = -t - 3*m - 14. Suppose s = 3 + t. What is the units digit of s?
5
Let g be 1/(-2)*-2*2. Let u be (3 + -4)*(1 - g). What is the units digit of (-2 - (-2 + u)) + 4?
3
Let p(v) = 6*v**2 + 2*v + 15. What is the units digit of p(-7)?
5
Let o(v) = 16*v**2 - v + 4. What is the tens digit of o(2)?
6
Let v(p) = -1. Let u(t) = -11*t + 1. Let y(z) = u(z) - 3*v(z). What is the tens digit of y(-2)?
2
Suppose -s + 10 = 3*x, -2*s + 0*x + 32 = 2*x. What is the tens digit of s?
1
Let f be -1*-1*(-1)/(-1). Let g be (-4)/(8/(-6))*f. Suppose 0 = 4*o, -4*s - g*o = s - 5. What is the units digit of s?
1
Suppose -6*x = -x + 4*s - 36, -3*x - 2*s = -20. Suppose 0 = -2*r + 3*r - 5*f - 31, x*r - f = 143. What is the units digit of r?
6
Suppose -5*q = 5*r - 30, -3*q - 15 = -4*r - 5. Let t = -7 + r. What is the units digit of (-2)/t*(-3)/(-2)?
1
Suppose 6*u = u - 85. Let x = -10 - u. What is the units digit of x?
7
Let i = 5 - 2. Suppose -i = 3*v - 2*j + 3*j, -3*j = 0. Let t = v + 7. What is the units digit of t?
6
What is the tens digit of (-359)/(-2) + 9/(-18)?
7
Let d = -50 + 169. What is the units digit of d?
9
Suppose 0 = -3*a - j - 5, -2*a - 2*j + j = 2. What is the tens digit of (1 + 54 + a)/2?
2
Let s = -3 + -21. Let i be (107 + 1)*(-16)/s. What is the units digit of (-4)/3*i/(-16)?
6
Suppose -18 - 36 = -2*o. Suppose 0 = -5*f - t + 81, -4*f + o = 4*t - 41. What is the units digit of f?
6
Suppose z = 5*u - 1 - 4, -4*u + 4 = -3*z. Let k be (-2 - z)*1/1. Let q(t) = -2*t**3 + t - 1. What is the units digit of q(k)?
3
Suppose 0 = 5*q - 4*q - 5*k + 23, -k + 35 = -4*q. What is the units digit of (-274)/(-30) + q/60?
9
Let o = 8 + -19. Let i = -6 - o. Suppose -44 + 109 = i*b. What is the tens digit of b?
1
Let j = 12 - 6. Let a be 4*(3/j + 0). Suppose -f + 24 = a*f. What is the units digit of f?
8
Let l = 10 - 7. Suppose 3*c = -2*n + 7, 1 + 2 = -l*c. Suppose -2*u + 50 = 2*u + 2*o, u + 3*o - n = 0. What is the units digit of u?
4
Suppose -5*h + 4*u = -47, 10*h - 13 = 9*h - u. What is the tens digit of h?
1
Suppose 8*q + 3 = 9*q. Let b(i) = 12*i + 3. Let w(o) = 4*o + 1. Let m(d) = -2*b(d) + 7*w(d). What is the tens digit of m(q)?
1
Let s = -6 + 9. What is the units digit of s?
3
Let y = -1 - -6. Suppose -3*a = g - 49, -y*a = -3*a + 3*g - 35. What is the tens digit of a?
1
What is the tens digit of 15/5 - -83 - -3?
8
Let h(m) = 5*m + 35. Let z(p) = p + 7. Let k(g) = -2*h(g) + 11*z(g). Let w be k(-5). Suppose 0 = n - 3 - w. What is the units digit of n?
5
Suppose -3*b - d = 4*d - 11, 2*b = d + 3. Suppose 3*n - 3*q = 13 + 2, -2*n - b*q = -14. What is the units digit of n?
6
Let o be (92/6)/(8/12). Let g be (-1)/(o/(-8) - -3). Let a(v) = -v**3 - 9*v**2 - 11*v - 11. What is the tens digit of a(g)?
1
Let g = 1 - -12. Let m = 26 - g. What is the units digit of m?
3
Let c be (-2)/3*(25 + 2). Let z = -72 + 61. Let o = z - c. What is the units digit of o?
7
Suppose 7*v - 3*v - 12 = 0. Suppose -v*t + 5*t = -4*s + 20, 3*t = -s + 10. What is the units digit of s?
4
Let w = 5 - 2. Suppose 0 = -0*h + 2*h - w*f - 14, -2*f - 7 = h. Let l = 1 + h. What is the units digit of l?
2
Suppose -106 = -5*n + 319. Let c = n + -55. What is the tens digit of c?
3
Let h = -2 - -1. What is the tens digit of h/(99/51 + -2)?
1
Suppose i - 12 = h - 1, 4*i = 2*h + 48. What is the tens digit of i?
1
Let t(d) = d**2 - 3*d + 2. Let u be t(2). Suppose -2*c - c + 30 = u. What is the tens digit of c?
1
Let k(n) = -n. What is the units digit of k(-9)?
9
Let j(i) = -i**3 - 4*i**2 + 5*i. Let o be j(-5). What is the units digit of o*3/9 - -2?
2
Suppose w = 5 + 3. What is the tens digit of w/10*(-175)/(-10)?
1
Let l be 35/((-2 - -3) + 0). What is the tens digit of ((-2)/(-5))/(1/l)?
1
Let j = 7 - 7. Suppose j = 2*l - l. Suppose l = -0*u + u - 1. What is the units digit of u?
1
Suppose 0*g = -3*g + 15. Suppose -g*k + 50 = -0*k. Suppose -k - 5 = -3*y. What is the units digit of y?
5
Let f = -106 - -110. What is the units digit of f?
4
Let c(l) = l**3 - l**2 + l + 5. Let s be c(0). Suppose v - s*v = -56. What is the units digit of v?
4
Let x = -2 + 5. Suppose x*w - 84 = -w. Let d = -12 + w. What is the units digit of d?
9
Let k(q) = 10*q**2 + 2*q + 1. What is the units digit of k(-1)?
9
Let w = 118 + -94. What is the units digit of w?
4
Suppose 3*s + 2*g + 5 = 0, 3*s + 4*g + 0 = 5. Let w(k) = -k**2 - 7*k - 4. Let y be w(s). What is the units digit of y/(-4) - (-20)/8?
1
Let b(w) = -2*w**2 - 2*w**3 + 0*w**3 - w + 3*w**3 + 2 - 2*w. What is the units digit of b(3)?
2
Suppose -3*a + l + 3 = -10, 3*a - 3 = 3*l. What is the units digit of (45/10)/(a/8)?
6
Let p(k) = -k**2 - 5*k - 3. Let r be p(-3). Suppose 0 = r*l + 4*o - 2, o + 6 = 2*l - o. Let q(v) = 2*v**2 - 3*v. What is the units digit of q(l)?
2
Let f be 2/(-7) - (-340)/14. Let m = f + -12. What is the tens digit of m?
1
Suppose -5*z = -4*r - 6 + 1, 4 = r - 3*z. What is the units digit of 6/(-10) + (-98)/r?
9
Let h be -1 + 0 + 0 + 1. Suppose -5*s + 2*i + 80 - 14 = 0, h = 2*s + 2*i - 18. Let t = s + -1. What is the tens digit of t?
1
Let p = -2 + 5. Let l = 5 - p. What is the units digit of l?
2
Suppose q = 4*q. Suppose q = 3*y - 4*d - 88, -d + 60 = 5*y - 56. What is the units digit of y?
4
Suppose -k + 13 = 4*l + l, -5*l = -4*k - 23. Let b be 1/k*44*-1. Suppose -y - 8 = 3*y, 3*g - 5*y = b. What is the units digit of g?
4
Let k(l) = l**2 + l + 4*l - 1 + 0 - 3*l. Let u be k(-3). Suppose 4*n = u*n + 10. What is the units digit of n?
5
Suppose 4*g - 59 - 61 = 0. What is the units digit of g?
0
Suppose 2*x = 7*x + 100. Let k be -2 - -4 - (x - 0). Let j = k - 15. What is the units digit of j?
7
Let z = -1 - -12. Suppose -g - c = -3, 5*g = -c - 2*c + z. What is the units digit of g?
1
What is the units digit of (-80)/(-12) + (-2)/3?
6
Let c be (0 - (2 - 3)) + -3. Let i(n) be the second derivative of -2*n**3/3 + n**2/2 + 8*n. What is the units digit of i(c)?
9
Let p be 1 + -1 - (-3 + 3). Let y = p - -3. Suppose 0 = -y*a + 6. What is the units digit of a?
2
Let z be 372/10 + (-2)/10. Let v = z - 21. What is the tens digit of v?
1
Let q = -14 - -82. Suppose q = 2*v + 2*v. Suppose v = 2*x - x. What is 